{"id":8412,"date":"2024-02-15T14:51:55","date_gmt":"2024-02-15T11:51:55","guid":{"rendered":"https:\/\/meftek.mef.edu.tr\/?page_id=8412"},"modified":"2025-11-11T14:47:11","modified_gmt":"2025-11-11T11:47:11","slug":"ekibimiz-2","status":"publish","type":"page","link":"https:\/\/meftek.mef.edu.tr\/?page_id=8412","title":{"rendered":"Ekibimiz"},"content":{"rendered":"\t\t<div data-elementor-type=\"wp-page\" data-elementor-id=\"8412\" class=\"elementor elementor-8412\">\n\t\t\t\t\t\t<section class=\"elementor-section elementor-top-section elementor-element elementor-element-4a984db9 elementor-section-boxed elementor-section-height-default elementor-section-height-default\" data-id=\"4a984db9\" data-element_type=\"section\">\n\t\t\t\t\t\t<div class=\"elementor-container elementor-column-gap-no\">\n\t\t\t\t\t<div class=\"elementor-column elementor-col-100 elementor-top-column elementor-element elementor-element-11218ea1\" data-id=\"11218ea1\" data-element_type=\"column\">\n\t\t\t<div class=\"elementor-widget-wrap elementor-element-populated\">\n\t\t\t\t\t\t<div class=\"elementor-element elementor-element-53e01c12 elementor-widget elementor-widget-hub_fancy_heading\" data-id=\"53e01c12\" data-element_type=\"widget\" data-widget_type=\"hub_fancy_heading.default\">\n\t\t\t\t<div class=\"elementor-widget-container\">\n\t\t\t\t\t\n\t\t<div id=\"ld-fancy-heading-69e97dee3d416\" class=\"ld-fancy-heading pos-rel\">\n\t\t\t<h2 class=\"ld-fh-element d-inline-block pos-rel  elementor-heading-title lqd-highlight-classic lqd-highlight-grow-left h2\"  > Ekibimiz<\/h2>\t\t<\/div>\n\n\t\t\t\t\t\t<\/div>\n\t\t\t\t<\/div>\n\t\t\t\t<section class=\"elementor-section elementor-inner-section elementor-element elementor-element-3b8567e3 elementor-section-boxed elementor-section-height-default elementor-section-height-default\" data-id=\"3b8567e3\" data-element_type=\"section\">\n\t\t\t\t\t\t<div class=\"elementor-container elementor-column-gap-default\">\n\t\t\t\t\t<div class=\"elementor-column elementor-col-33 elementor-inner-column elementor-element elementor-element-7775b79f\" data-id=\"7775b79f\" data-element_type=\"column\">\n\t\t\t<div class=\"elementor-widget-wrap elementor-element-populated\">\n\t\t\t\t\t\t<div class=\"elementor-element elementor-element-3937b77f elementor-widget__width-initial elementor-widget elementor-widget-ld_fancy_image\" data-id=\"3937b77f\" data-element_type=\"widget\" data-settings=\"{&quot;_animation&quot;:&quot;none&quot;}\" data-widget_type=\"ld_fancy_image.default\">\n\t\t\t\t<div class=\"elementor-widget-container\">\n\t\t\t\t\t\n\t\t<div class=\"lqd-imggrp-single d-block pos-rel perspective\" data-hover3d=\"true\">\n\t\t\t<div class=\"lqd-imggrp-img-container d-inline-flex pos-rel align-items-center justify-content-center transform-style-3d\">\n\t\t\t\t\t\t\t\t<figure class=\"w-100 pos-rel\" data-stacking-factor=\"1\">\n\t\t\t\t\t<img fetchpriority=\"high\" decoding=\"async\" width=\"300\" height=\"300\" src=\"https:\/\/meftek.mef.edu.tr\/wp-content\/uploads\/2024\/02\/muhammed-sahin-300x300.jpg\" class=\"attachment-medium size-medium wp-image-8443\" alt=\"\" srcset=\"https:\/\/meftek.mef.edu.tr\/wp-content\/uploads\/2024\/02\/muhammed-sahin-300x300.jpg 300w, https:\/\/meftek.mef.edu.tr\/wp-content\/uploads\/2024\/02\/muhammed-sahin-1024x1024.jpg 1024w, https:\/\/meftek.mef.edu.tr\/wp-content\/uploads\/2024\/02\/muhammed-sahin-150x150.jpg 150w, https:\/\/meftek.mef.edu.tr\/wp-content\/uploads\/2024\/02\/muhammed-sahin-320x320.jpg 320w, https:\/\/meftek.mef.edu.tr\/wp-content\/uploads\/2024\/02\/muhammed-sahin-760x760.jpg 760w, https:\/\/meftek.mef.edu.tr\/wp-content\/uploads\/2024\/02\/muhammed-sahin.jpg 1080w\" sizes=\"(max-width: 300px) 100vw, 300px\" itemprop=\"image\" \/>\t\t\t\t\t\t\t\t\t\t\t\t\t\t\t\t\t\t\t\t\t\t\t\t\t\t\t\t\t<\/figure>\n\t\t\t<\/div>\n\t\t<\/div>\n\n\t\t\t\t\t<\/div>\n\t\t\t\t<\/div>\n\t\t\t\t<div class=\"elementor-element elementor-element-6756d985 elementor-widget elementor-widget-hub_fancy_heading\" data-id=\"6756d985\" data-element_type=\"widget\" data-widget_type=\"hub_fancy_heading.default\">\n\t\t\t\t<div class=\"elementor-widget-container\">\n\t\t\t\t\t\n\t\t<div id=\"ld-fancy-heading-69e97dee3f607\" class=\"ld-fancy-heading pos-rel\">\n\t\t\t<h4 class=\"ld-fh-element d-inline-block pos-rel  elementor-heading-title lqd-highlight-classic lqd-highlight-grow-left h4\"  > Prof. Dr. Muhammed \u015eahin<\/h4>\t\t<\/div>\n\n\t\t\t\t\t\t<\/div>\n\t\t\t\t<\/div>\n\t\t\t\t<div class=\"elementor-element elementor-element-56809561 elementor-widget elementor-widget-hub_fancy_heading\" data-id=\"56809561\" data-element_type=\"widget\" data-widget_type=\"hub_fancy_heading.default\">\n\t\t\t\t<div class=\"elementor-widget-container\">\n\t\t\t\t\t\n\t\t<div id=\"ld-fancy-heading-69e97dee3fbf4\" class=\"ld-fancy-heading pos-rel\">\n\t\t\t<p class=\"ld-fh-element d-inline-block pos-rel  lqd-highlight-classic lqd-highlight-grow-left p\"  > MEF \u00dcniversitesi Rekt\u00f6r\u00fc &amp; MEF TEKMER Y\u00f6netim Kurulu Ba\u015fkan\u0131<\/p>\t\t<\/div>\n\n\t\t\t\t\t\t<\/div>\n\t\t\t\t<\/div>\n\t\t\t\t\t<\/div>\n\t\t<\/div>\n\t\t\t\t<div class=\"elementor-column elementor-col-33 elementor-inner-column elementor-element elementor-element-66f01a6\" data-id=\"66f01a6\" data-element_type=\"column\">\n\t\t\t<div class=\"elementor-widget-wrap elementor-element-populated\">\n\t\t\t\t\t\t<div class=\"elementor-element elementor-element-de59a6d elementor-widget__width-initial elementor-widget elementor-widget-ld_fancy_image\" data-id=\"de59a6d\" data-element_type=\"widget\" data-settings=\"{&quot;_animation&quot;:&quot;none&quot;}\" data-widget_type=\"ld_fancy_image.default\">\n\t\t\t\t<div class=\"elementor-widget-container\">\n\t\t\t\t\t\n\t\t<div class=\"lqd-imggrp-single d-block pos-rel perspective\" data-hover3d=\"true\">\n\t\t\t<div class=\"lqd-imggrp-img-container d-inline-flex pos-rel align-items-center justify-content-center transform-style-3d\">\n\t\t\t\t\t\t\t\t<figure class=\"w-100 pos-rel\" data-stacking-factor=\"1\">\n\t\t\t\t\t<img decoding=\"async\" width=\"300\" height=\"300\" src=\"data:image\/svg+xml;charset=utf-8,%3Csvg xmlns%3D&#039;http%3A%2F%2Fwww.w3.org%2F2000%2Fsvg&#039; viewBox%3D&#039;0 0 300 300&#039;%2F%3E\" class=\"attachment-medium size-medium wp-image-8499 ld-lazyload\" alt=\"\" itemprop=\"image\" data-src=\"https:\/\/meftek.mef.edu.tr\/wp-content\/uploads\/2024\/09\/metin-yilmaz-300x300.jpg\" data-srcset=\"https:\/\/meftek.mef.edu.tr\/wp-content\/uploads\/2024\/09\/metin-yilmaz-300x300.jpg 300w, https:\/\/meftek.mef.edu.tr\/wp-content\/uploads\/2024\/09\/metin-yilmaz-1024x1024.jpg 1024w, https:\/\/meftek.mef.edu.tr\/wp-content\/uploads\/2024\/09\/metin-yilmaz-150x150.jpg 150w, https:\/\/meftek.mef.edu.tr\/wp-content\/uploads\/2024\/09\/metin-yilmaz-320x320.jpg 320w, https:\/\/meftek.mef.edu.tr\/wp-content\/uploads\/2024\/09\/metin-yilmaz-760x760.jpg 760w, https:\/\/meftek.mef.edu.tr\/wp-content\/uploads\/2024\/09\/metin-yilmaz.jpg 1080w\" data-sizes=\"(max-width: 300px) 100vw, 300px\" data-aspect=\"1\" \/>\t\t\t\t\t\t\t\t\t\t\t\t\t\t\t\t\t\t\t\t\t\t\t\t\t\t\t\t\t<\/figure>\n\t\t\t<\/div>\n\t\t<\/div>\n\n\t\t\t\t\t<\/div>\n\t\t\t\t<\/div>\n\t\t\t\t<div class=\"elementor-element elementor-element-69fc81a elementor-widget elementor-widget-hub_fancy_heading\" data-id=\"69fc81a\" data-element_type=\"widget\" data-widget_type=\"hub_fancy_heading.default\">\n\t\t\t\t<div class=\"elementor-widget-container\">\n\t\t\t\t\t\n\t\t<div id=\"ld-fancy-heading-69e97dee42e78\" class=\"ld-fancy-heading pos-rel\">\n\t\t\t<h4 class=\"ld-fh-element d-inline-block pos-rel  elementor-heading-title lqd-highlight-classic lqd-highlight-grow-left h4\"  > Metin Y\u0131lmaz<\/h4>\t\t<\/div>\n\n\t\t\t\t\t\t<\/div>\n\t\t\t\t<\/div>\n\t\t\t\t<div class=\"elementor-element elementor-element-616cdba elementor-widget elementor-widget-hub_fancy_heading\" data-id=\"616cdba\" data-element_type=\"widget\" data-widget_type=\"hub_fancy_heading.default\">\n\t\t\t\t<div class=\"elementor-widget-container\">\n\t\t\t\t\t\n\t\t<div id=\"ld-fancy-heading-69e97dee4346a\" class=\"ld-fancy-heading pos-rel\">\n\t\t\t<p class=\"ld-fh-element d-inline-block pos-rel  lqd-highlight-classic lqd-highlight-grow-left p\"  > MEF TEKMER De\u011ferlendirme Kurulu \u00dcyesi<\/p>\t\t<\/div>\n\n\t\t\t\t\t\t<\/div>\n\t\t\t\t<\/div>\n\t\t\t\t\t<\/div>\n\t\t<\/div>\n\t\t\t\t<div class=\"elementor-column elementor-col-33 elementor-inner-column elementor-element elementor-element-aacd430\" data-id=\"aacd430\" data-element_type=\"column\">\n\t\t\t<div class=\"elementor-widget-wrap elementor-element-populated\">\n\t\t\t\t\t\t<div class=\"elementor-element elementor-element-1102d8e elementor-widget__width-initial elementor-widget elementor-widget-ld_fancy_image\" data-id=\"1102d8e\" data-element_type=\"widget\" data-settings=\"{&quot;_animation&quot;:&quot;none&quot;}\" data-widget_type=\"ld_fancy_image.default\">\n\t\t\t\t<div class=\"elementor-widget-container\">\n\t\t\t\t\t\n\t\t<div class=\"lqd-imggrp-single d-block pos-rel perspective\" data-hover3d=\"true\">\n\t\t\t<div class=\"lqd-imggrp-img-container d-inline-flex pos-rel align-items-center justify-content-center transform-style-3d\">\n\t\t\t\t\t\t\t\t<figure class=\"w-100 pos-rel\" data-stacking-factor=\"1\">\n\t\t\t\t\t<img decoding=\"async\" width=\"300\" height=\"300\" src=\"data:image\/svg+xml;charset=utf-8,%3Csvg xmlns%3D&#039;http%3A%2F%2Fwww.w3.org%2F2000%2Fsvg&#039; viewBox%3D&#039;0 0 300 300&#039;%2F%3E\" class=\"attachment-medium size-medium wp-image-8498 ld-lazyload\" alt=\"\" itemprop=\"image\" data-src=\"https:\/\/meftek.mef.edu.tr\/wp-content\/uploads\/2024\/09\/huseyin-sulu-300x300.jpg\" data-srcset=\"https:\/\/meftek.mef.edu.tr\/wp-content\/uploads\/2024\/09\/huseyin-sulu-300x300.jpg 300w, https:\/\/meftek.mef.edu.tr\/wp-content\/uploads\/2024\/09\/huseyin-sulu-1024x1024.jpg 1024w, https:\/\/meftek.mef.edu.tr\/wp-content\/uploads\/2024\/09\/huseyin-sulu-150x150.jpg 150w, https:\/\/meftek.mef.edu.tr\/wp-content\/uploads\/2024\/09\/huseyin-sulu-320x320.jpg 320w, https:\/\/meftek.mef.edu.tr\/wp-content\/uploads\/2024\/09\/huseyin-sulu-760x760.jpg 760w, https:\/\/meftek.mef.edu.tr\/wp-content\/uploads\/2024\/09\/huseyin-sulu.jpg 1080w\" data-sizes=\"(max-width: 300px) 100vw, 300px\" data-aspect=\"1\" \/>\t\t\t\t\t\t\t\t\t\t\t\t\t\t\t\t\t\t\t\t\t\t\t\t\t\t\t\t\t<\/figure>\n\t\t\t<\/div>\n\t\t<\/div>\n\n\t\t\t\t\t<\/div>\n\t\t\t\t<\/div>\n\t\t\t\t<div class=\"elementor-element elementor-element-ddeb38c elementor-widget elementor-widget-hub_fancy_heading\" data-id=\"ddeb38c\" data-element_type=\"widget\" data-widget_type=\"hub_fancy_heading.default\">\n\t\t\t\t<div class=\"elementor-widget-container\">\n\t\t\t\t\t\n\t\t<div id=\"ld-fancy-heading-69e97dee45f73\" class=\"ld-fancy-heading pos-rel\">\n\t\t\t<h4 class=\"ld-fh-element d-inline-block pos-rel  elementor-heading-title lqd-highlight-classic lqd-highlight-grow-left h4\"  > H\u00fcseyin Sulu<\/h4>\t\t<\/div>\n\n\t\t\t\t\t\t<\/div>\n\t\t\t\t<\/div>\n\t\t\t\t<div class=\"elementor-element elementor-element-e7c6e65 elementor-widget elementor-widget-hub_fancy_heading\" data-id=\"e7c6e65\" data-element_type=\"widget\" data-widget_type=\"hub_fancy_heading.default\">\n\t\t\t\t<div class=\"elementor-widget-container\">\n\t\t\t\t\t\n\t\t<div id=\"ld-fancy-heading-69e97dee46342\" class=\"ld-fancy-heading pos-rel\">\n\t\t\t<p class=\"ld-fh-element d-inline-block pos-rel  lqd-highlight-classic lqd-highlight-grow-left p\"  > MEF TEKMER Direkt\u00f6r\u00fc<\/p>\t\t<\/div>\n\n\t\t\t\t\t\t<\/div>\n\t\t\t\t<\/div>\n\t\t\t\t\t<\/div>\n\t\t<\/div>\n\t\t\t\t\t<\/div>\n\t\t<\/section>\n\t\t\t\t<section class=\"elementor-section elementor-inner-section elementor-element elementor-element-d5ab5f4 elementor-section-boxed elementor-section-height-default elementor-section-height-default\" data-id=\"d5ab5f4\" data-element_type=\"section\">\n\t\t\t\t\t\t<div class=\"elementor-container elementor-column-gap-default\">\n\t\t\t\t\t<div class=\"elementor-column elementor-col-33 elementor-inner-column elementor-element elementor-element-437abdb\" data-id=\"437abdb\" data-element_type=\"column\">\n\t\t\t<div class=\"elementor-widget-wrap elementor-element-populated\">\n\t\t\t\t\t\t<div class=\"elementor-element elementor-element-7463e37 elementor-widget__width-initial elementor-widget elementor-widget-ld_fancy_image\" data-id=\"7463e37\" data-element_type=\"widget\" data-settings=\"{&quot;_animation&quot;:&quot;none&quot;}\" data-widget_type=\"ld_fancy_image.default\">\n\t\t\t\t<div class=\"elementor-widget-container\">\n\t\t\t\t\t\n\t\t<div class=\"lqd-imggrp-single d-block pos-rel perspective\" data-hover3d=\"true\">\n\t\t\t<div class=\"lqd-imggrp-img-container d-inline-flex pos-rel align-items-center justify-content-center transform-style-3d\">\n\t\t\t\t\t\t\t\t<figure class=\"w-100 pos-rel\" data-stacking-factor=\"1\">\n\t\t\t\t\t<img loading=\"lazy\" decoding=\"async\" width=\"300\" height=\"300\" src=\"data:image\/svg+xml;charset=utf-8,%3Csvg xmlns%3D&#039;http%3A%2F%2Fwww.w3.org%2F2000%2Fsvg&#039; viewBox%3D&#039;0 0 300 300&#039;%2F%3E\" class=\"attachment-medium size-medium wp-image-8500 ld-lazyload\" alt=\"\" itemprop=\"image\" data-src=\"https:\/\/meftek.mef.edu.tr\/wp-content\/uploads\/2024\/09\/sulenur-kemaloglu-300x300.jpg\" data-srcset=\"https:\/\/meftek.mef.edu.tr\/wp-content\/uploads\/2024\/09\/sulenur-kemaloglu-300x300.jpg 300w, https:\/\/meftek.mef.edu.tr\/wp-content\/uploads\/2024\/09\/sulenur-kemaloglu-1024x1024.jpg 1024w, https:\/\/meftek.mef.edu.tr\/wp-content\/uploads\/2024\/09\/sulenur-kemaloglu-150x150.jpg 150w, https:\/\/meftek.mef.edu.tr\/wp-content\/uploads\/2024\/09\/sulenur-kemaloglu-320x320.jpg 320w, https:\/\/meftek.mef.edu.tr\/wp-content\/uploads\/2024\/09\/sulenur-kemaloglu-760x760.jpg 760w, https:\/\/meftek.mef.edu.tr\/wp-content\/uploads\/2024\/09\/sulenur-kemaloglu.jpg 1080w\" data-sizes=\"(max-width: 300px) 100vw, 300px\" data-aspect=\"1\" \/>\t\t\t\t\t\t\t\t\t\t\t\t\t\t\t\t\t\t\t\t\t\t\t\t\t\t\t\t\t<\/figure>\n\t\t\t<\/div>\n\t\t<\/div>\n\n\t\t\t\t\t<\/div>\n\t\t\t\t<\/div>\n\t\t\t\t<div class=\"elementor-element elementor-element-82f7a96 elementor-widget elementor-widget-hub_fancy_heading\" data-id=\"82f7a96\" data-element_type=\"widget\" data-widget_type=\"hub_fancy_heading.default\">\n\t\t\t\t<div class=\"elementor-widget-container\">\n\t\t\t\t\t\n\t\t<div id=\"ld-fancy-heading-69e97dee48cdc\" class=\"ld-fancy-heading pos-rel\">\n\t\t\t<h4 class=\"ld-fh-element d-inline-block pos-rel  elementor-heading-title lqd-highlight-classic lqd-highlight-grow-left h4\"  > \u015eulenur Kemalo\u011flu<\/h4>\t\t<\/div>\n\n\t\t\t\t\t\t<\/div>\n\t\t\t\t<\/div>\n\t\t\t\t<div class=\"elementor-element elementor-element-e531582 elementor-widget elementor-widget-hub_fancy_heading\" data-id=\"e531582\" data-element_type=\"widget\" data-widget_type=\"hub_fancy_heading.default\">\n\t\t\t\t<div class=\"elementor-widget-container\">\n\t\t\t\t\t\n\t\t<div id=\"ld-fancy-heading-69e97dee4908d\" class=\"ld-fancy-heading pos-rel\">\n\t\t\t<p class=\"ld-fh-element d-inline-block pos-rel  lqd-highlight-classic lqd-highlight-grow-left p\"  > MEF TEKMER Uzman\u0131<\/p>\t\t<\/div>\n\n\t\t\t\t\t\t<\/div>\n\t\t\t\t<\/div>\n\t\t\t\t\t<\/div>\n\t\t<\/div>\n\t\t\t\t<div class=\"elementor-column elementor-col-33 elementor-inner-column elementor-element elementor-element-030049e\" data-id=\"030049e\" data-element_type=\"column\">\n\t\t\t<div class=\"elementor-widget-wrap elementor-element-populated\">\n\t\t\t\t\t\t<div class=\"elementor-element elementor-element-ed6b5ac elementor-widget__width-initial elementor-widget elementor-widget-ld_fancy_image\" data-id=\"ed6b5ac\" data-element_type=\"widget\" data-settings=\"{&quot;_animation&quot;:&quot;none&quot;}\" data-widget_type=\"ld_fancy_image.default\">\n\t\t\t\t<div class=\"elementor-widget-container\">\n\t\t\t\t\t\n\t\t<div class=\"lqd-imggrp-single d-block pos-rel perspective\" data-hover3d=\"true\">\n\t\t\t<div class=\"lqd-imggrp-img-container d-inline-flex pos-rel align-items-center justify-content-center transform-style-3d\">\n\t\t\t\t\t\t\t\t<figure class=\"w-100 pos-rel\" data-stacking-factor=\"1\">\n\t\t\t\t\t<img loading=\"lazy\" decoding=\"async\" width=\"300\" height=\"300\" src=\"data:image\/svg+xml;charset=utf-8,%3Csvg xmlns%3D&#039;http%3A%2F%2Fwww.w3.org%2F2000%2Fsvg&#039; viewBox%3D&#039;0 0 300 300&#039;%2F%3E\" class=\"attachment-medium size-medium wp-image-8581 ld-lazyload\" alt=\"\" itemprop=\"image\" data-src=\"https:\/\/meftek.mef.edu.tr\/wp-content\/uploads\/2025\/11\/Altan-Tuzduoglu-300x300.jpg\" data-srcset=\"https:\/\/meftek.mef.edu.tr\/wp-content\/uploads\/2025\/11\/Altan-Tuzduoglu-300x300.jpg 300w, https:\/\/meftek.mef.edu.tr\/wp-content\/uploads\/2025\/11\/Altan-Tuzduoglu-1024x1024.jpg 1024w, https:\/\/meftek.mef.edu.tr\/wp-content\/uploads\/2025\/11\/Altan-Tuzduoglu-150x150.jpg 150w, https:\/\/meftek.mef.edu.tr\/wp-content\/uploads\/2025\/11\/Altan-Tuzduoglu-320x320.jpg 320w, https:\/\/meftek.mef.edu.tr\/wp-content\/uploads\/2025\/11\/Altan-Tuzduoglu-760x760.jpg 760w, https:\/\/meftek.mef.edu.tr\/wp-content\/uploads\/2025\/11\/Altan-Tuzduoglu.jpg 1080w\" data-sizes=\"(max-width: 300px) 100vw, 300px\" data-aspect=\"1\" \/>\t\t\t\t\t\t\t\t\t\t\t\t\t\t\t\t\t\t\t\t\t\t\t\t\t\t\t\t\t<\/figure>\n\t\t\t<\/div>\n\t\t<\/div>\n\n\t\t\t\t\t<\/div>\n\t\t\t\t<\/div>\n\t\t\t\t<div class=\"elementor-element elementor-element-e209d81 elementor-widget elementor-widget-hub_fancy_heading\" data-id=\"e209d81\" data-element_type=\"widget\" data-widget_type=\"hub_fancy_heading.default\">\n\t\t\t\t<div class=\"elementor-widget-container\">\n\t\t\t\t\t\n\t\t<div id=\"ld-fancy-heading-69e97dee4b37c\" class=\"ld-fancy-heading pos-rel\">\n\t\t\t<h4 class=\"ld-fh-element d-inline-block pos-rel  elementor-heading-title lqd-highlight-classic lqd-highlight-grow-left h4\"  > Mustafa Altan Tuzcuo\u011flu<\/h4>\t\t<\/div>\n\n\t\t\t\t\t\t<\/div>\n\t\t\t\t<\/div>\n\t\t\t\t<div class=\"elementor-element elementor-element-96b2193 elementor-widget elementor-widget-hub_fancy_heading\" data-id=\"96b2193\" data-element_type=\"widget\" data-widget_type=\"hub_fancy_heading.default\">\n\t\t\t\t<div class=\"elementor-widget-container\">\n\t\t\t\t\t\n\t\t<div id=\"ld-fancy-heading-69e97dee4b8e7\" class=\"ld-fancy-heading pos-rel\">\n\t\t\t<p class=\"ld-fh-element d-inline-block pos-rel  lqd-highlight-classic lqd-highlight-grow-left p\"  > MEF TEKMER Uzman Yard\u0131mc\u0131s\u0131<\/p>\t\t<\/div>\n\n\t\t\t\t\t\t<\/div>\n\t\t\t\t<\/div>\n\t\t\t\t\t<\/div>\n\t\t<\/div>\n\t\t\t\t<div class=\"elementor-column elementor-col-33 elementor-inner-column elementor-element elementor-element-83e07cb\" data-id=\"83e07cb\" data-element_type=\"column\">\n\t\t\t<div class=\"elementor-widget-wrap\">\n\t\t\t\t\t\t\t<\/div>\n\t\t<\/div>\n\t\t\t\t\t<\/div>\n\t\t<\/section>\n\t\t\t\t\t<\/div>\n\t\t<\/div>\n\t\t\t\t\t<\/div>\n\t\t<\/section>\n\t\t\t\t<\/div>\n\t\t","protected":false},"excerpt":{"rendered":"<p>Ekibimiz Prof. Dr. Muhammed \u015eahin MEF \u00dcniversitesi Rekt\u00f6r\u00fc &amp; MEF TEKMER Y\u00f6netim Kurulu Ba\u015fkan\u0131 Metin Y\u0131lmaz MEF TEKMER De\u011ferlendirme Kurulu \u00dcyesi H\u00fcseyin Sulu MEF TEKMER Direkt\u00f6r\u00fc \u015eulenur Kemalo\u011flu MEF TEKMER Uzman\u0131 Mustafa Altan Tuzcuo\u011flu MEF TEKMER Uzman Yard\u0131mc\u0131s\u0131<\/p>\n","protected":false},"author":1,"featured_media":0,"parent":0,"menu_order":0,"comment_status":"closed","ping_status":"closed","template":"","meta":{"footnotes":""},"class_list":["post-8412","page","type-page","status-publish","hentry"],"_links":{"self":[{"href":"https:\/\/meftek.mef.edu.tr\/index.php?rest_route=\/wp\/v2\/pages\/8412","targetHints":{"allow":["GET"]}}],"collection":[{"href":"https:\/\/meftek.mef.edu.tr\/index.php?rest_route=\/wp\/v2\/pages"}],"about":[{"href":"https:\/\/meftek.mef.edu.tr\/index.php?rest_route=\/wp\/v2\/types\/page"}],"author":[{"embeddable":true,"href":"https:\/\/meftek.mef.edu.tr\/index.php?rest_route=\/wp\/v2\/users\/1"}],"replies":[{"embeddable":true,"href":"https:\/\/meftek.mef.edu.tr\/index.php?rest_route=%2Fwp%2Fv2%2Fcomments&post=8412"}],"version-history":[{"count":28,"href":"https:\/\/meftek.mef.edu.tr\/index.php?rest_route=\/wp\/v2\/pages\/8412\/revisions"}],"predecessor-version":[{"id":8610,"href":"https:\/\/meftek.mef.edu.tr\/index.php?rest_route=\/wp\/v2\/pages\/8412\/revisions\/8610"}],"wp:attachment":[{"href":"https:\/\/meftek.mef.edu.tr\/index.php?rest_route=%2Fwp%2Fv2%2Fmedia&parent=8412"}],"curies":[{"name":"wp","href":"https:\/\/api.w.org\/{rel}","templated":true}]}}